{"id":5787,"date":"2023-12-17T19:17:40","date_gmt":"2023-12-17T15:17:40","guid":{"rendered":"https:\/\/anima.az\/?page_id=5787"},"modified":"2023-12-17T19:26:42","modified_gmt":"2023-12-17T15:26:42","slug":"rafig-mammadli","status":"publish","type":"page","link":"https:\/\/anima.az\/en\/rafig-mammadli\/","title":{"rendered":"Rafig Mammadli"},"content":{"rendered":"<p>T\u0259rc\u00fcm\u0259\u00e7i, redaktor<\/p>\n<p><img fetchpriority=\"high\" decoding=\"async\" class=\"wp-image-5779 alignright\" src=\"https:\/\/anima.az\/wp-content\/uploads\/2023\/12\/rafig-mammadli.jpg\" alt=\"\" width=\"337\" height=\"341\" srcset=\"https:\/\/anima.az\/wp-content\/uploads\/2023\/12\/rafig-mammadli.jpg 1679w, https:\/\/anima.az\/wp-content\/uploads\/2023\/12\/rafig-mammadli-297x300.jpg 297w, https:\/\/anima.az\/wp-content\/uploads\/2023\/12\/rafig-mammadli-1013x1024.jpg 1013w, https:\/\/anima.az\/wp-content\/uploads\/2023\/12\/rafig-mammadli-768x776.jpg 768w, https:\/\/anima.az\/wp-content\/uploads\/2023\/12\/rafig-mammadli-1520x1536.jpg 1520w, https:\/\/anima.az\/wp-content\/uploads\/2023\/12\/rafig-mammadli-144x146.jpg 144w, https:\/\/anima.az\/wp-content\/uploads\/2023\/12\/rafig-mammadli-50x50.jpg 50w, https:\/\/anima.az\/wp-content\/uploads\/2023\/12\/rafig-mammadli-74x75.jpg 74w, https:\/\/anima.az\/wp-content\/uploads\/2023\/12\/rafig-mammadli-85x85.jpg 85w, https:\/\/anima.az\/wp-content\/uploads\/2023\/12\/rafig-mammadli-80x80.jpg 80w\" sizes=\"(max-width: 337px) 100vw, 337px\" \/><\/p>\n<p>1964-cu\u0308 il yanvar\u0131n 13-\u00fcnd\u0259 Az\u0259rbaycan SSR-nin Das\u0327k\u0259s\u0259n s\u0327\u0259h\u0259rind\u0259 anadan olub. 1988-ci ild\u0259 Az\u0259rbaycan D\u00f6vl\u0259t Universitetini (indiki BDU, Kimya fak\u00fclt\u0259si, kimya\u00e7\u0131 v\u0259 kimya m\u00fc\u0259llimi ixtisas\u0131 \u00fczr\u0259), 1993-cu\u0308 ild\u0259 Moskva Maliyy\u0259 \u0130qtisad \u0130nstitutunu (2-ci ali t\u0259hsil, \u0130qtisadiyyat v\u0259 \u0130dar\u0259etm\u0259 faku\u0308lt\u0259si) bitirib. Az\u0259rbaycan Elmi T\u0259dqiqat Olefinl\u0259r \u0130nstitutunda, &#8220;Azadl\u0131q&#8221; q\u0259zetind\u0259 v\u0259 Azadl\u0131q Radiosunda (EFE RL) c\u0327al\u0131s\u0327\u0131b.<\/p>\n<p>2018-ci ild\u0259n AN\u0130MAF\u0130LM Beyn\u0259lxalq Animasiya Festival\u0131nda t\u0259rc\u00fcm\u0259\u00e7i v\u0259 redaktor kimi \u00e7al\u0131\u015f\u0131r.<\/p>\n<p>2023-c\u00fc ild\u0259n Az\u0259rbaycan Animasiya Assosiasiyas\u0131n\u0131n \u00fczv\u00fcd\u00fcr.<\/p>\n<p><strong>Links:<\/strong><\/p>\n<p>Rafig Mammadli \u2013 <a href=\"https:\/\/mammadli.az\/\" target=\"_blank\" rel=\"noopener\">website<\/a><br \/>\nRafig Mammadli \u2013 <a href=\"https:\/\/www.linkedin.com\/in\/rafig-mammadli-36b478179\/\" target=\"_blank\" rel=\"noopener\">LinkedIn<\/a><br \/>\nRafig Mammadli \u2013 <a href=\"https:\/\/www.facebook.com\/mammadlirafig\" target=\"_blank\" rel=\"noopener\">Facebook<\/a><br \/>\nRafig Mammadli \u2013 <a href=\"https:\/\/www.instagram.com\/rafigmammadli\/\" target=\"_blank\" rel=\"noopener\">Instagram<\/a><\/p>\n<p><strong>Filmoqrafiya:<\/strong><\/p>\n<ol>\n<li><a href=\"http:\/\/www.screenwriter.ru\/new\/short\/2392\/\" target=\"_blank\" rel=\"noopener\">\u201cM\u0259\u011frur \u00e7aydan\u201d<\/a> (2019, q\u0131sametrajl\u0131 animasiya filmi \u00fc\u00e7\u00fcn ssenari) \u2013 m\u00fc\u0259llif<\/li>\n<li>\u201cHadis\u201d (2023, q\u0131sametrajl\u0131 animasiya filmi) \u2013 t\u0259rc\u00fcm\u0259\u00e7i, redaktor<\/li>\n<li>\u201cNarq\u0131z\u201d (pre-production, q\u0131sametrajl\u0131 animasiya filmi) \u2013 t\u0259rc\u00fcm\u0259\u00e7i, redaktor<\/li>\n<\/ol>\n","protected":false},"excerpt":{"rendered":"<p><span class=\"excerpt-hellip\"> [\u2026]<\/span><\/p>\n","protected":false},"author":1,"featured_media":0,"parent":0,"menu_order":0,"comment_status":"closed","ping_status":"closed","template":"","meta":{"footnotes":""},"class_list":["post-5787","page","type-page","status-publish","hentry"],"_links":{"self":[{"href":"https:\/\/anima.az\/en\/wp-json\/wp\/v2\/pages\/5787"}],"collection":[{"href":"https:\/\/anima.az\/en\/wp-json\/wp\/v2\/pages"}],"about":[{"href":"https:\/\/anima.az\/en\/wp-json\/wp\/v2\/types\/page"}],"author":[{"embeddable":true,"href":"https:\/\/anima.az\/en\/wp-json\/wp\/v2\/users\/1"}],"replies":[{"embeddable":true,"href":"https:\/\/anima.az\/en\/wp-json\/wp\/v2\/comments?post=5787"}],"version-history":[{"count":1,"href":"https:\/\/anima.az\/en\/wp-json\/wp\/v2\/pages\/5787\/revisions"}],"predecessor-version":[{"id":5788,"href":"https:\/\/anima.az\/en\/wp-json\/wp\/v2\/pages\/5787\/revisions\/5788"}],"wp:attachment":[{"href":"https:\/\/anima.az\/en\/wp-json\/wp\/v2\/media?parent=5787"}],"curies":[{"name":"wp","href":"https:\/\/api.w.org\/{rel}","templated":true}]}}

<p>Tərcüməçi, redaktor</p>
<p><img fetchpriority="high" decoding="async" class="wp-image-5779 alignright" src="https://anima.az/wp-content/uploads/2023/12/rafig-mammadli.jpg" alt="" width="337" height="341" srcset="https://anima.az/wp-content/uploads/2023/12/rafig-mammadli.jpg 1679w, https://anima.az/wp-content/uploads/2023/12/rafig-mammadli-297x300.jpg 297w, https://anima.az/wp-content/uploads/2023/12/rafig-mammadli-1013x1024.jpg 1013w, https://anima.az/wp-content/uploads/2023/12/rafig-mammadli-768x776.jpg 768w, https://anima.az/wp-content/uploads/2023/12/rafig-mammadli-1520x1536.jpg 1520w, https://anima.az/wp-content/uploads/2023/12/rafig-mammadli-144x146.jpg 144w, https://anima.az/wp-content/uploads/2023/12/rafig-mammadli-50x50.jpg 50w, https://anima.az/wp-content/uploads/2023/12/rafig-mammadli-74x75.jpg 74w, https://anima.az/wp-content/uploads/2023/12/rafig-mammadli-85x85.jpg 85w, https://anima.az/wp-content/uploads/2023/12/rafig-mammadli-80x80.jpg 80w" sizes="(max-width: 337px) 100vw, 337px" /></p>
<p>1964-cü il yanvarın 13-ündə Azərbaycan SSR-nin Daşkəsən şəhərində anadan olub. 1988-ci ildə Azərbaycan Dövlət Universitetini (indiki BDU, Kimya fakültəsi, kimyaçı və kimya müəllimi ixtisası üzrə), 1993-cü ildə Moskva Maliyyə İqtisad İnstitutunu (2-ci ali təhsil, İqtisadiyyat və İdarəetmə fakültəsi) bitirib. Azərbaycan Elmi Tədqiqat Olefinlər İnstitutunda, &#8220;Azadlıq&#8221; qəzetində və Azadlıq Radiosunda (EFE RL) çalışıb.</p>
<p>2018-ci ildən ANİMAFİLM Beynəlxalq Animasiya Festivalında tərcüməçi və redaktor kimi çalışır.</p>
<p>2023-cü ildən Azərbaycan Animasiya Assosiasiyasının üzvüdür.</p>
<p><strong>Links:</strong></p>
<p>Rafig Mammadli – <a href="https://mammadli.az/" target="_blank" rel="noopener">website</a><br />
Rafig Mammadli – <a href="https://www.linkedin.com/in/rafig-mammadli-36b478179/" target="_blank" rel="noopener">LinkedIn</a><br />
Rafig Mammadli – <a href="https://www.facebook.com/mammadlirafig" target="_blank" rel="noopener">Facebook</a><br />
Rafig Mammadli – <a href="https://www.instagram.com/rafigmammadli/" target="_blank" rel="noopener">Instagram</a></p>
<p><strong>Filmoqrafiya:</strong></p>
<ol>
<li><a href="http://www.screenwriter.ru/new/short/2392/" target="_blank" rel="noopener">“Məğrur çaydan”</a> (2019, qısametrajlı animasiya filmi üçün ssenari) – müəllif</li>
<li>“Hadis” (2023, qısametrajlı animasiya filmi) – tərcüməçi, redaktor</li>
<li>“Narqız” (pre-production, qısametrajlı animasiya filmi) – tərcüməçi, redaktor</li>
</ol>
